{"id":159,"date":"2018-01-12T09:28:42","date_gmt":"2018-01-12T09:28:42","guid":{"rendered":"http:\/\/bridge129.qodeinteractive.com\/?page_id=159"},"modified":"2023-01-31T19:13:41","modified_gmt":"2023-01-31T19:13:41","slug":"hizmetlerimiz","status":"publish","type":"page","link":"https:\/\/omcarlogistics.com\/index.php\/hizmetlerimiz\/","title":{"rendered":"Hizmetlerimiz"},"content":{"rendered":"<p>[vc_row css_animation=&#8221;&#8221; row_type=&#8221;row&#8221; use_row_as_full_screen_section=&#8221;no&#8221; type=&#8221;grid&#8221; angled_section=&#8221;no&#8221; text_align=&#8221;center&#8221; background_image_as_pattern=&#8221;without_pattern&#8221; padding_top=&#8221;143&#8243; padding_bottom=&#8221;18&#8243; z_index=&#8221;&#8221; css=&#8221;.vc_custom_1515749806753{background-color: #ffffff !important;}&#8221;][vc_column offset=&#8221;vc_col-md-4&#8243;]<div class='q_icon_with_title large custom_icon_image center '><div class=\"icon_holder \" style=\" \"><img itemprop=\"image\" style=\"\" src=\"https:\/\/omcarlogistics.com\/wp-content\/uploads\/2023\/01\/post_office.png\" alt=\"\"><\/div><div class=\"icon_text_holder\" style=\"\"><div class=\"icon_text_inner\" style=\"\"><h3 class=\"icon_title\" style=\"\">Post Office (Muhaberat)<\/h3>[vc_separator type=\"small\" position=\"left\" color=\"#28803e\" thickness=\"2\" width=\"34\" up=\"8\" down=\"5\"]<p style='color: #0f0f28'>Kargo muhaberat, kargo \u015firketlerinin g\u00f6nderilen ve al\u0131nan \u00fcr\u00fcnlerin takip edilmesi i\u015flemidir. Bu i\u015flem, \u00fcr\u00fcnlerin g\u00fcncel konumunun takip edilmesi, teslimat durumunun izlenmesi, gecikmelerin tespiti ve m\u00fc\u015fteriye bilgi verilmesi gibi fakt\u00f6rleri i\u00e7erir. Kargo muhaberat, genellikle internet tabanl\u0131 sistemler arac\u0131l\u0131\u011f\u0131yla yap\u0131l\u0131r, b\u00f6ylece m\u00fc\u015fteriler \u00fcr\u00fcnlerinin durumunu online olarak takip edebilir. Kargo muhaberat, ayr\u0131ca \u00fcr\u00fcnlerin kontrol edilmesi, ambalajlama ve sevkiyat i\u015flemleri gibi fakt\u00f6rleri de kapsar. Bu sayede kargo \u015firketleri, \u00fcr\u00fcnlerin h\u0131zl\u0131 ve do\u011fru bir \u015fekilde m\u00fc\u015fterilere ula\u015fmas\u0131n\u0131 sa\u011flar.<\/p><\/div><\/div><\/div>[vc_empty_space height=&#8221;30px&#8221;][\/vc_column][vc_column offset=&#8221;vc_col-md-4&#8243;]<div class='q_icon_with_title large custom_icon_image center '><div class=\"icon_holder \" style=\" \"><img itemprop=\"image\" style=\"\" src=\"https:\/\/omcarlogistics.com\/wp-content\/uploads\/2023\/01\/urun_karsilama.png\" alt=\"\"><\/div><div class=\"icon_text_holder\" style=\"\"><div class=\"icon_text_inner\" style=\"\"><h3 class=\"icon_title\" style=\"\">\u00dcr\u00fcn Kar\u015f\u0131lama - Teslim Alma<\/h3>[vc_separator type=\"small\" position=\"left\" color=\"#28803e\" thickness=\"2\" width=\"34\" up=\"8\" down=\"5\"]<p style='color: #0f0f28'>\u00dcr\u00fcn kar\u015f\u0131lama ve teslim alma, firmalar taraf\u0131ndan g\u00f6nderilen \u00fcr\u00fcnlerin al\u0131nmas\u0131 ve depoya yerle\u015ftirilmesi s\u00fcrecidir. Bu i\u015flem, \u00fcr\u00fcnlerin geli\u015f tarihi, miktar\u0131 ve adresi gibi bilgilerin do\u011fru bir \u015fekilde kaydedilmesiyle ba\u015flar. \u00dcr\u00fcnler, kargo \u015firketi taraf\u0131ndan teslim edildikten sonra, depo personeli taraf\u0131ndan kontrol edilir ve eksik ya da hasarl\u0131 \u00fcr\u00fcnlerin tespiti i\u00e7in gerekli i\u015flemler yap\u0131l\u0131r. Daha sonra, \u00fcr\u00fcnler raflama veya ambalajlama i\u015flemlerinden ge\u00e7irilerek depoya yerle\u015ftirilir. Bu i\u015flem, \u00fcr\u00fcnlerin h\u0131zl\u0131 ve do\u011fru bir \u015fekilde m\u00fc\u015fterilere ula\u015fmas\u0131n\u0131 sa\u011flar.<\/p><\/div><\/div><\/div>[vc_empty_space height=&#8221;30px&#8221;][\/vc_column][vc_column offset=&#8221;vc_col-md-4&#8243;]<div class='q_icon_with_title large custom_icon_image center '><div class=\"icon_holder \" style=\" \"><img itemprop=\"image\" style=\"\" src=\"https:\/\/omcarlogistics.com\/wp-content\/uploads\/2023\/01\/depo_yon_hiz.png\" alt=\"\"><\/div><div class=\"icon_text_holder\" style=\"\"><div class=\"icon_text_inner\" style=\"\"><h3 class=\"icon_title\" style=\"\">Depo Y\u00f6netimi<\/h3>[vc_separator type=\"small\" position=\"left\" color=\"#28803e\" thickness=\"2\" width=\"34\" up=\"8\" down=\"5\"]<p style='color: #0f0f28'>G\u00f6nderilen ve al\u0131nan \u00fcr\u00fcnlerin saklanmas\u0131, etiketlenmesi, kontrol edilmesi ve takip edilmesi i\u015flemlerinin y\u00fcr\u00fct\u00fcld\u00fc\u011f\u00fc bir s\u00fcre\u00e7tir. Bu i\u015flemler, \u00fcr\u00fcnlerin h\u0131zl\u0131 ve do\u011fru bir \u015fekilde m\u00fc\u015fterilere ula\u015fmas\u0131n\u0131 sa\u011flamak i\u00e7in yap\u0131l\u0131r. Kargo depo y\u00f6netimi, \u00fcr\u00fcnlerin g\u00fcvenli ve ekonomik bir \u015fekilde saklanmas\u0131 i\u00e7in yer se\u00e7imi, raflama, ambalajlama, stok kontrol\u00fc ve g\u00fcncelleme gibi fakt\u00f6rleri i\u00e7erir. Bu y\u00f6netim, ayn\u0131 zamanda \u00fcr\u00fcnlerin sevkiyat\u0131, teslimat\u0131 ve geri d\u00f6n\u00fc\u015f\u00fcm\u00fcn\u00fc de kapsar.<\/p><\/div><\/div><\/div>[vc_empty_space height=&#8221;30px&#8221;][\/vc_column][\/vc_row][vc_row css_animation=&#8221;&#8221; row_type=&#8221;row&#8221; use_row_as_full_screen_section=&#8221;no&#8221; type=&#8221;grid&#8221; angled_section=&#8221;no&#8221; text_align=&#8221;center&#8221; background_image_as_pattern=&#8221;without_pattern&#8221; padding_bottom=&#8221;68&#8243; z_index=&#8221;&#8221; css=&#8221;.vc_custom_1515751005476{background-color: #ffffff !important;}&#8221;][vc_column offset=&#8221;vc_col-md-4&#8243;]<div class='q_icon_with_title large custom_icon_image center '><div class=\"icon_holder \" style=\" \"><img itemprop=\"image\" style=\"\" src=\"https:\/\/omcarlogistics.com\/wp-content\/uploads\/2023\/01\/depo_yon.png\" alt=\"\"><\/div><div class=\"icon_text_holder\" style=\"\"><div class=\"icon_text_inner\" style=\"\"><h3 class=\"icon_title\" style=\"\">Da\u011f\u0131t\u0131m Hizmetleri<\/h3>[vc_separator type=\"small\" position=\"left\" color=\"#28803e\" thickness=\"2\" width=\"34\" up=\"8\" down=\"5\"]<p style='color: #0f0f28'>AVM i\u00e7i da\u011f\u0131t\u0131m hizmeti, al\u0131\u015fveri\u015f merkezlerinde sat\u0131lan \u00fcr\u00fcnlerin depo ve raflarda saklanmas\u0131, etiketlenmesi, kontrol edilmesi ve takip edilmesi i\u015flemlerinin y\u00fcr\u00fct\u00fcld\u00fc\u011f\u00fc bir s\u00fcre\u00e7tir. Bu hizmet, \u00fcr\u00fcnlerin h\u0131zl\u0131 ve do\u011fru bir \u015fekilde m\u00fc\u015fterilere ula\u015fmas\u0131n\u0131 sa\u011flamak i\u00e7in yap\u0131l\u0131r. AVM i\u00e7i da\u011f\u0131t\u0131m hizmeti, \u00fcr\u00fcnlerin g\u00fcvenli ve ekonomik bir \u015fekilde saklanmas\u0131 i\u00e7in yer se\u00e7imi, raflama, ambalajlama, stok kontrol\u00fc ve g\u00fcncelleme gibi fakt\u00f6rleri i\u00e7erir. Ayr\u0131ca, bu hizmet \u00fcr\u00fcnlerin sevkiyat\u0131, teslimat\u0131 ve geri d\u00f6n\u00fc\u015f\u00fcm\u00fcn\u00fc de kapsar. Bu sayede AVM'lerde sat\u0131lan \u00fcr\u00fcnlerin hizmetinin daha kaliteli ve efektif olmas\u0131 sa\u011flan\u0131r.<\/p><\/div><\/div><\/div>[vc_empty_space height=&#8221;30px&#8221;][\/vc_column][vc_column offset=&#8221;vc_col-md-4&#8243;]<div class='q_icon_with_title large custom_icon_image center '><div class=\"icon_holder \" style=\" \"><img itemprop=\"image\" style=\"\" src=\"https:\/\/omcarlogistics.com\/wp-content\/uploads\/2023\/01\/depo.png\" alt=\"\"><\/div><div class=\"icon_text_holder\" style=\"\"><div class=\"icon_text_inner\" style=\"\"><h3 class=\"icon_title\" style=\"\">Ma\u011fazalar Aras\u0131 Transfer<\/h3>[vc_separator type=\"small\" position=\"left\" color=\"#28803e\" thickness=\"2\" width=\"34\" up=\"8\" down=\"5\"]<p style='color: #0f0f28'>Ma\u011fazalar aras\u0131 transfer, bir perakende \u015firketinin kendi i\u00e7inde bulunan farkl\u0131 ma\u011fazalar\u0131 aras\u0131nda \u00fcr\u00fcnlerin ta\u015f\u0131nmas\u0131 s\u00fcrecidir. Bu i\u015flem, ma\u011fazalardaki stoklar\u0131 dengede tutmak, m\u00fc\u015fteri taleplerini kar\u015f\u0131lamak ve \u00fcr\u00fcnlerin daha y\u00fcksek sat\u0131\u015f yerlerine sevk edilmesi gibi ama\u00e7lar i\u00e7in yap\u0131l\u0131r. Ma\u011fazalar aras\u0131 transfer i\u015flemi \u00fcr\u00fcnlerin miktarlar\u0131, tarihleri, adresleri gibi bilgilerin do\u011fru bir \u015fekilde kaydedilmesiyle ba\u015flar. \u00dcr\u00fcnler ma\u011fazalardan al\u0131n\u0131r ve \u00fcr\u00fcnlerin durumlar\u0131 kontrol edilir, eksik veya hasarl\u0131 \u00fcr\u00fcnlerin tespiti i\u00e7in gerekli i\u015flemler yap\u0131l\u0131r. Daha sonra \u00fcr\u00fcnler, \u00f6nceden belirlenen adrese sevk edilir. Bu sayede perakende \u015firketi m\u00fc\u015fteri taleplerini daha iyi kar\u015f\u0131lamakta, \u00fcr\u00fcnlerin daha y\u00fcksek sat\u0131\u015f yerlerine sevk edilmesi sa\u011flanmaktad\u0131r.<\/p><\/div><\/div><\/div>[vc_empty_space height=&#8221;30px&#8221;][\/vc_column][vc_column offset=&#8221;vc_col-md-4&#8243;]<div class='q_icon_with_title large custom_icon_image center '><div class=\"icon_holder \" style=\" \"><img itemprop=\"image\" style=\"\" src=\"https:\/\/omcarlogistics.com\/wp-content\/uploads\/2023\/01\/ek_hizmet.png\" alt=\"\"><\/div><div class=\"icon_text_holder\" style=\"\"><div class=\"icon_text_inner\" style=\"\"><h3 class=\"icon_title\" style=\"\">Ek Hizmetler<\/h3>[vc_separator type=\"small\" position=\"left\" color=\"#28803e\" thickness=\"2\" width=\"34\" up=\"8\" down=\"5\"]<p style='color: #0f0f28'>Ek hizmetlerimiz i\u00e7in taraf\u0131m\u0131zdan ayr\u0131ca bilgi alabilirsiniz.<\/p><\/div><\/div><\/div>[vc_empty_space height=&#8221;30px&#8221;][\/vc_column][\/vc_row]<\/p>\n","protected":false},"excerpt":{"rendered":"<p>[vc_row css_animation=&#8221;&#8221; row_type=&#8221;row&#8221; use_row_as_full_screen_section=&#8221;no&#8221; type=&#8221;grid&#8221; angled_section=&#8221;no&#8221; text_align=&#8221;center&#8221; background_image_as_pattern=&#8221;without_pattern&#8221; padding_top=&#8221;143&#8243; padding_bottom=&#8221;18&#8243; z_index=&#8221;&#8221; css=&#8221;.vc_custom_1515749806753{background-color: #ffffff !important;}&#8221;][vc_column offset=&#8221;vc_col-md-4&#8243;][vc_empty_space height=&#8221;30px&#8221;][\/vc_column][vc_column offset=&#8221;vc_col-md-4&#8243;][vc_empty_space height=&#8221;30px&#8221;][\/vc_column][vc_column offset=&#8221;vc_col-md-4&#8243;][vc_empty_space height=&#8221;30px&#8221;][\/vc_column][\/vc_row][vc_row css_animation=&#8221;&#8221; row_type=&#8221;row&#8221; use_row_as_full_screen_section=&#8221;no&#8221; type=&#8221;grid&#8221; angled_section=&#8221;no&#8221; text_align=&#8221;center&#8221; background_image_as_pattern=&#8221;without_pattern&#8221; padding_bottom=&#8221;68&#8243; z_index=&#8221;&#8221; css=&#8221;.vc_custom_1515751005476{background-color: #ffffff !important;}&#8221;][vc_column offset=&#8221;vc_col-md-4&#8243;][vc_empty_space height=&#8221;30px&#8221;][\/vc_column][vc_column offset=&#8221;vc_col-md-4&#8243;][vc_empty_space height=&#8221;30px&#8221;][\/vc_column][vc_column offset=&#8221;vc_col-md-4&#8243;][vc_empty_space height=&#8221;30px&#8221;][\/vc_column][\/vc_row]<\/p>\n","protected":false},"author":1,"featured_media":0,"parent":0,"menu_order":0,"comment_status":"closed","ping_status":"closed","template":"full_width.php","meta":[],"_links":{"self":[{"href":"https:\/\/omcarlogistics.com\/index.php\/wp-json\/wp\/v2\/pages\/159"}],"collection":[{"href":"https:\/\/omcarlogistics.com\/index.php\/wp-json\/wp\/v2\/pages"}],"about":[{"href":"https:\/\/omcarlogistics.com\/index.php\/wp-json\/wp\/v2\/types\/page"}],"author":[{"embeddable":true,"href":"https:\/\/omcarlogistics.com\/index.php\/wp-json\/wp\/v2\/users\/1"}],"replies":[{"embeddable":true,"href":"https:\/\/omcarlogistics.com\/index.php\/wp-json\/wp\/v2\/comments?post=159"}],"version-history":[{"count":9,"href":"https:\/\/omcarlogistics.com\/index.php\/wp-json\/wp\/v2\/pages\/159\/revisions"}],"predecessor-version":[{"id":272,"href":"https:\/\/omcarlogistics.com\/index.php\/wp-json\/wp\/v2\/pages\/159\/revisions\/272"}],"wp:attachment":[{"href":"https:\/\/omcarlogistics.com\/index.php\/wp-json\/wp\/v2\/media?parent=159"}],"curies":[{"name":"wp","href":"https:\/\/api.w.org\/{rel}","templated":true}]}}