{"id":132,"date":"2018-01-12T08:02:15","date_gmt":"2018-01-12T08:02:15","guid":{"rendered":"http:\/\/bridge129.qodeinteractive.com\/?page_id=132"},"modified":"2025-06-25T14:35:20","modified_gmt":"2025-06-25T14:35:20","slug":"hakkimizda","status":"publish","type":"page","link":"https:\/\/omcarlogistics.com\/index.php\/hakkimizda\/","title":{"rendered":"Hakk\u0131m\u0131zda"},"content":{"rendered":"<p>[vc_row css_animation=&#8221;&#8221; row_type=&#8221;row&#8221; use_row_as_full_screen_section=&#8221;no&#8221; type=&#8221;grid&#8221; angled_section=&#8221;no&#8221; text_align=&#8221;left&#8221; background_image_as_pattern=&#8221;without_pattern&#8221; padding_top=&#8221;119&#8243; z_index=&#8221;&#8221; css=&#8221;.vc_custom_1673722379770{background-color: #ffffff !important;}&#8221;][vc_column offset=&#8221;vc_col-md-6&#8243;][vc_separator type=&#8221;transparent&#8221; up=&#8221;-18&#8243;][vc_column_text]<\/p>\n<h1>Hikayemiz ;<\/h1>\n<p>[\/vc_column_text][vc_separator type=&#8221;small&#8221; position=&#8221;left&#8221; color=&#8221;#28803e&#8221; thickness=&#8221;4&#8243; width=&#8221;48&#8243; up=&#8221;17&#8243; down=&#8221;27&#8243;][vc_column_text el_class=&#8221;justify&#8221;]<\/p>\n<p style=\"text-align: justify; font-size: 16px;\">Odak noktas\u0131 m\u00fc\u015fteri memnuniyeti olan <strong>Omcar Logistics<\/strong>, AVM ve perakende sekt\u00f6r\u00fcne sundu\u011fu ta\u015f\u0131mac\u0131l\u0131k hizmetleri ile m\u00fc\u015fterilerinin t\u00fcm i\u015f s\u00fcre\u00e7lerini; h\u0131zl\u0131, eksiksiz ve g\u00fcven i\u00e7erisinde ger\u00e7ekle\u015ftirir.<\/p>\n<p>&nbsp;<\/p>\n<p style=\"text-align: justify; font-size: 16px;\">Ta\u015f\u0131mac\u0131l\u0131k alan\u0131nda m\u00fc\u015fterilerinin gereksinimlerine uygun, proaktif \u00e7\u00f6z\u00fcmler \u00fcreten <strong>Omcar Logistics<\/strong>, \u00fcr\u00fcnlerin belirlenen zaman periyotlar\u0131nda sat\u0131\u015f noktalar\u0131na ula\u015ft\u0131r\u0131lmas\u0131n\u0131 sa\u011flar. <strong>Omcar Logistics<\/strong>\u2019in uzman personeli taraf\u0131ndan yap\u0131lan bu da\u011f\u0131t\u0131mlar, al\u0131c\u0131 noktalar\u0131n beklentileri dahilinde ta\u015f\u0131narak, teslim edilmektedir.<\/p>\n<p>&nbsp;<\/p>\n<p style=\"text-align: justify; font-size: 16px;\">Ta\u015f\u0131ma esnas\u0131nda AVM\u2019lerin ve ta\u015f\u0131nmakta olan \u00fcr\u00fcnlerin fiziki yap\u0131s\u0131na, \u00e7al\u0131\u015fanlar\u0131n sa\u011fl\u0131\u011f\u0131na ve AVM i\u00e7erisindeki ya\u015fama zarar vermeden, ta\u015f\u0131nan \u00fcr\u00fcn\u00fcn bir noktadan di\u011ferine g\u00fcvenle ula\u015ft\u0131r\u0131lmas\u0131n\u0131 hedefleyen <strong>Omcar Logistics<\/strong>, \u201c\u0130\u015f Sa\u011fl\u0131\u011f\u0131 ve G\u00fcvenli\u011fi\u201d kurallar\u0131na uygun olarak hizmet vermeyi ilke edinmi\u015ftir.<\/p>\n<p>&nbsp;<\/p>\n<p style=\"text-align: justify; font-size: 16px;\">AVM ve perakende ta\u015f\u0131mac\u0131l\u0131\u011f\u0131 alan\u0131nda 10 y\u0131l\u0131 a\u015fk\u0131n tecr\u00fcbeye sahip olan <strong>Omcar Logistics<\/strong><strong>,<\/strong> hayata ge\u00e7irdi\u011fi s\u00fcrekli iyile\u015ftirme \u00e7al\u0131\u015fmalar\u0131 \u00a0(ziyaret, anket vb.) ile m\u00fc\u015fteri memnuniyetini s\u00fcrd\u00fcr\u00fclebilir k\u0131lmay\u0131 hedeflemektedir.<\/p>\n<p>[\/vc_column_text][\/vc_column][vc_column offset=&#8221;vc_col-md-6&#8243;][vc_empty_space height=&#8221;90px&#8221;][vc_single_image image=&#8221;265&#8243; img_size=&#8221;full&#8221; qode_css_animation=&#8221;&#8221;][\/vc_column][\/vc_row][vc_row css_animation=&#8221;&#8221; row_type=&#8221;row&#8221; use_row_as_full_screen_section=&#8221;no&#8221; type=&#8221;grid&#8221; angled_section=&#8221;no&#8221; text_align=&#8221;left&#8221; background_image_as_pattern=&#8221;without_pattern&#8221; padding_top=&#8221;40&#8243; padding_bottom=&#8221;87&#8243; z_index=&#8221;&#8221; css=&#8221;.vc_custom_1673722398170{background-color: #ffffff !important;}&#8221;][vc_column offset=&#8221;vc_col-md-6&#8243;][vc_column_text]<\/p>\n<h1>Vizyon ;<\/h1>\n<p>[\/vc_column_text][vc_separator type=&#8221;small&#8221; position=&#8221;left&#8221; color=&#8221;#28803e&#8221; thickness=&#8221;4&#8243; width=&#8221;48&#8243; up=&#8221;17&#8243; down=&#8221;27&#8243;][vc_column_text]<\/p>\n<p style=\"text-align: justify; font-size: 16px;\">AVM ve perakende ta\u015f\u0131mac\u0131l\u0131\u011f\u0131 alan\u0131nda m\u00fc\u015fteri memnuniyetini s\u00fcrd\u00fcr\u00fclebilir k\u0131larak, lider olmak.<\/p>\n<p>[\/vc_column_text][\/vc_column][vc_column offset=&#8221;vc_col-md-6&#8243;][vc_column_text]<\/p>\n<h1>Misyon ;<\/h1>\n<p>[\/vc_column_text][vc_separator type=&#8221;small&#8221; position=&#8221;left&#8221; color=&#8221;#28803e&#8221; thickness=&#8221;4&#8243; width=&#8221;48&#8243; up=&#8221;17&#8243; down=&#8221;27&#8243;][vc_column_text]<\/p>\n<p style=\"text-align: justify; font-size: 16px;\">Ta\u015f\u0131mac\u0131l\u0131k alan\u0131nda m\u00fc\u015fterilerimizin ihtiya\u00e7lar\u0131na uygun \u00e7\u00f6z\u00fcmleri; kaliteli, h\u0131zl\u0131 ve eksiksiz bir \u015fekilde sunarak, g\u00fcvenilir ve s\u00fcrd\u00fcr\u00fclebilir i\u015f orta\u011f\u0131 olmak.<\/p>\n<p>[\/vc_column_text][\/vc_column][\/vc_row]<\/p>\n","protected":false},"excerpt":{"rendered":"<p>[vc_row css_animation=&#8221;&#8221; row_type=&#8221;row&#8221; use_row_as_full_screen_section=&#8221;no&#8221; type=&#8221;grid&#8221; angled_section=&#8221;no&#8221; text_align=&#8221;left&#8221; background_image_as_pattern=&#8221;without_pattern&#8221; padding_top=&#8221;119&#8243; z_index=&#8221;&#8221; css=&#8221;.vc_custom_1673722379770{background-color: #ffffff !important;}&#8221;][vc_column offset=&#8221;vc_col-md-6&#8243;][vc_separator type=&#8221;transparent&#8221; up=&#8221;-18&#8243;][vc_column_text] Hikayemiz ; [\/vc_column_text][vc_separator type=&#8221;small&#8221; position=&#8221;left&#8221; color=&#8221;#28803e&#8221; thickness=&#8221;4&#8243; width=&#8221;48&#8243; up=&#8221;17&#8243; down=&#8221;27&#8243;][vc_column_text el_class=&#8221;justify&#8221;] Odak noktas\u0131 m\u00fc\u015fteri memnuniyeti olan Omcar Logistics, AVM ve perakende sekt\u00f6r\u00fcne sundu\u011fu ta\u015f\u0131mac\u0131l\u0131k hizmetleri ile m\u00fc\u015fterilerinin t\u00fcm i\u015f&#8230;<\/p>\n","protected":false},"author":1,"featured_media":0,"parent":0,"menu_order":0,"comment_status":"closed","ping_status":"closed","template":"full_width.php","meta":[],"_links":{"self":[{"href":"https:\/\/omcarlogistics.com\/index.php\/wp-json\/wp\/v2\/pages\/132"}],"collection":[{"href":"https:\/\/omcarlogistics.com\/index.php\/wp-json\/wp\/v2\/pages"}],"about":[{"href":"https:\/\/omcarlogistics.com\/index.php\/wp-json\/wp\/v2\/types\/page"}],"author":[{"embeddable":true,"href":"https:\/\/omcarlogistics.com\/index.php\/wp-json\/wp\/v2\/users\/1"}],"replies":[{"embeddable":true,"href":"https:\/\/omcarlogistics.com\/index.php\/wp-json\/wp\/v2\/comments?post=132"}],"version-history":[{"count":9,"href":"https:\/\/omcarlogistics.com\/index.php\/wp-json\/wp\/v2\/pages\/132\/revisions"}],"predecessor-version":[{"id":327,"href":"https:\/\/omcarlogistics.com\/index.php\/wp-json\/wp\/v2\/pages\/132\/revisions\/327"}],"wp:attachment":[{"href":"https:\/\/omcarlogistics.com\/index.php\/wp-json\/wp\/v2\/media?parent=132"}],"curies":[{"name":"wp","href":"https:\/\/api.w.org\/{rel}","templated":true}]}}